highest common divisor of o and 9.
9
Let z(k) = 35*k + 1689. Let p be z(-43). Suppose o - 2*v - 15 = 2*v, 5*o + 2*v - 119 = 0. What is the highest common divisor of p and o?
23
Let o(l) = -37*l**3 + 2*l**2 - l - 2. Let q be o(-2). Let s = -240955 - -240993. What is the highest common divisor of q and s?
38
Let c = 105 + -111. Let g be 168/(-140)*(-2)/c*-80. Calculate the greatest common divisor of g and 64.
32
Suppose 0 = -3*b + 22*a - 25*a + 1263, 2*b + 5*a = 833. Calculate the greatest common divisor of 477 and b.
53
Let q = -36 - -60. Suppose 0 = 10*b + 581 + 2729. Let n = b + 355. What is the greatest common factor of q and n?
24
Suppose 2*b + 2*x = 650, 5*x = -3*b + 7*x + 990. What is the greatest common factor of 3772 and b?
164
Let x be (-155)/(-140)*-7 - 6/(-8). Let g(o) = o**3 + 4*o**2 - 7*o + 2. Let i be g(-5). Let t = i - x. Calculate the highest common factor of 76 and t.
19
Let v(t) = 32 + 9*t - 14 + 23*t - 39. Let w be v(-5). Let g = w + 280. What is the highest common divisor of g and 18?
9
Let b = -130 - -161. Suppose 7 = -12*v + b. Suppose 3*w = 0, 3*w - 120 = -v*x + 4*w. Calculate the highest common divisor of x and 240.
60
Let l be 11 + -1 + -3 + (4 + -6)*-98. What is the greatest common divisor of l and 15022?
203
Let n be 34518/(-54) - 2/(-9). Let a = 233 + n. Let p be a/(-21) - (-6)/9. What is the greatest common divisor of 5 and p?
5
Let j(q) = q**2 - q - 1. Let b(w) = -60*w**2 + w + 7. Let s(p) = -b(p) + 6*j(p). Let m be s(-2). What is the greatest common factor of 53 and m?
53
Let c(u) = u**3 + u**2 - 11*u + 2. Suppose -14*r + 39 = -r. Let h be c(r). Calculate the greatest common factor of 5 and h.
5
Let b = -435 - -655. Suppose l - 88 = -u, 0 = -4*u - 3*l - 43 + 395. What is the greatest common factor of b and u?
44
Let a = 40 - -64. Suppose 0 = a*l - 108*l + 312. Calculate the greatest common factor of 12 and l.
6
Let y be (-19206)/(-81)*225/50. What is the highest common divisor of y and 517?
11
Suppose 0 = -5*d + 40. Suppose 0 = d*u - 2*u - 1092. Let s = 56 + -30. Calculate the highest common factor of s and u.
26
Suppose -60*m + 10000 = 40*m. What is the greatest common factor of 1350 and m?
50
Let d be -32*(-17)/(-170)*(-30)/4. Calculate the greatest common factor of 972 and d.
12
Suppose 0 = 2*n + n - 108. Suppose 6*h - 2053 + 337 = 0. Suppose 0 = 15*l - 74 - h. Calculate the highest common factor of l and n.
12
Let i be 45/60 + 244/16. Calculate the highest common divisor of i and 576.
16
Let a be 9 - 1 - (0 + 7). Let x be a/((-4)/22 - (-25)/77). What is the highest common factor of x and 77?
7
Suppose -23*r = -26*r - 1254. Let c = -380 - r. Calculate the highest common divisor of 38 and c.
38
Suppose 201670 = 351*d - 58*d + 8*d. What is the greatest common factor of d and 450?
10
Suppose 27*o + 52 = 1462 + 2451. Calculate the highest common divisor of o and 539.
11
Let n = -4562 + 4742. Suppose 4*g + 4*a - 90 = 2*a, 2*g + 3*a = 55. Calculate the greatest common divisor of n and g.
20
Let u be (-12*(-40)/96)/((-10)/(-564)). Calculate the greatest common factor of u and 9071.
47
Let o be -66*2148/(-36) + -13. Calculate the highest common divisor of o and 100.
25
Suppose 4*u + 11 = 27. Let a be 92/(u + -2)*1. Let l be -3 - 13/(-5) - (-1806)/215 - -84. Calculate the highest common factor of l and a.
46
Let d be (32/6)/((-1452)/(-72) + -20). Suppose z - 1148 = -4*n, -6*z + 2*z = 3*n - 848. Calculate the greatest common factor of n and d.
32
Let h = -21 + -2. Let i = h - -33. Let k be -2*(-28560)/(-1088)*(-4)/14. What is the greatest common factor of i and k?
5
Let g = -93 - -177. Let n(x) = -10*x - 14. Let z be n(-7). Calculate the highest common divisor of z and g.
28
Let z be -3 - ((-2 - -2) + -2). Let d be (1 - z) + (-1 - -1). Let b be 374/77 - (-8)/7. What is the highest common factor of d and b?
2
Let b(i) be the second derivative of i**5/10 - i**4/12 - i**3/3 + 8*i**2 - 14*i + 2. Let x be b(0). Calculate the highest common factor of 40 and x.
8
Let y = -12 - -18. Suppose 4*s + u - 68 = 0, s + y*u - 32 = 2*u. Calculate the highest common divisor of 48 and s.
16
Let o = 6400 - 6348. What is the highest common divisor of o and 793?
13
Let l = 1143 + -1132. Calculate the highest common factor of 1518 and l.
11
Suppose 22 = -2*d - 3*t, -4*d = -0*d + 2*t + 36. Let x be ((4 - 4) + -1)*d*4. Suppose 4*r + 81 = 273. What is the greatest common factor of x and r?
16
Let v(i) = 23*i - 182. Let b be v(9). Let a = b - -197. What is the greatest common factor of 6 and a?
6
Suppose -2*q = 5*g - 299, -g - g = -4*q - 110. Suppose -3*v + 55 = f - g, 4*v - 4*f = 168. Calculate the highest common divisor of 156 and v.
39
Suppose -23*f = -20*f + 2*z - 118, z = 4*f - 150. Suppose 1110 = -4*d + 3238. What is the highest common factor of f and d?
38
Let w(h) = -h**2 + 5*h + 6. Let r be w(5). Suppose -r*o = -9*o + 18. What is the greatest common divisor of 24 and o?
6
Let t(a) = -a**2 + 66*a + 698. Let n be t(75). Calculate the highest common divisor of n and 11776.
23
Let g(r) = 9*r**2 + 4*r - 13. Let x = -326 + 329. Let d be g(x). What is the greatest common factor of 5 and d?
5
Suppose 0 = 92*o - 93*o. Suppose 0 = l + 7*m - 5*m - 11, 5*l - 3*m - 3 = o. Calculate the highest common factor of l and 3.
3
Let v(p) = 4*p**2 - 70*p + 658. Let f be v(13). Suppose 5*x + 70 = 5*b, 3*b + 4 = 4*x + 44. Calculate the greatest common divisor of f and b.
8
Suppose -1 = d + 21. Let v = -6 - d. Let p be 1384/v - (-1)/2. What is the greatest common factor of p and 29?
29
Suppose 0 = -19*d + 165 - 659. Let l be (-151)/(-2) - (-13)/d. Suppose -15 = -2*s + 75. What is the highest common factor of l and s?
15
Suppose -249443*s - 1330 = -249445*s. Calculate the highest common factor of 1855 and s.
35
Suppose -2*c = 14, -3*z + 154 - 35 = -2*c. What is the highest common divisor of 1355 and z?
5
Suppose 18 = -2*p + 172. Suppose 3*k = -f + 47 + 79, 0 = -k + 2. Let l be 1296/f + (-1)/(-5). What is the highest common divisor of p and l?
11
Let k be ((-24)/(-14))/(7/735). Suppose -p - k = -16*p. Calculate the greatest common factor of 60 and p.
12
Let a = 48722 + -48428. What is the highest common divisor of a and 539?
49
Suppose -c - 15 + 13 = 0. Let b be c/(-4) - ((-26)/(-4))/(-1). Let w = -32 + 46. Calculate the greatest common factor of w and b.
7
Let t(a) = -12*a**2 - 128*a + 3. Let g be t(-8). What is the highest common divisor of 28 and g?
7
Let l(u) = 4096*u**2 - 20*u + 10. Let g be l(2). What is the greatest common factor of 26 and g?
26
Let i(t) = 2*t**2 + 45*t + 57. Let u be i(-22). Suppose -3*a + 7*n + u = 8*n, -a = -2*n. What is the highest common factor of a and 130?
10
Let o be (-21 + 5)/(132/(-726)). What is the highest common factor of 296 and o?
8
Let n(o) = 14*o - 2. Let r(g) = -g - 19. Let v be r(-22). Let j be n(v). Suppose 4*h + 6*h - j = 0. What is the highest common divisor of h and 4?
4
Suppose q + 211 - 312 = 0. Let g = q - 92. Calculate the highest common factor of g and 4.
1
Suppose -4*j + 5*j - 2466 - 334 = 0. What is the highest common factor of j and 105?
35
Let o be (-11)/(0 - (0 - -1)). Let t(c) = -2*c**3 - 2*c**2 + 4*c + 4. Let z be t(-2). Suppose z*n - 563 = -79. What is the greatest common factor of n and o?
11
Let i = 85161 + -85105. Suppose 13 + 1 = o. What is the greatest common factor of i and o?
14
Let d = -970 + 1098. What is the greatest common divisor of d and 1280?
128
Suppose 3*u + 7 = g, 6*u + 2 = 4*u. Suppose q + g*w - 65 = 7*w, 25 = 5*w. What is the highest common factor of q and 60?
20
Let q be 4/(-14) - -1*(-132)/28 - -85. Calculate the highest common factor of q and 5680.
80
Suppose -59*d = -32694 - 5066. Calculate the highest common factor of d and 3680.
160
Suppose -5*g + 3*r + 10 = 0, 0 = g + g + r - 15. Let u(w) = 11*w**2 - 29*w + 174. Let x be u(g). Calculate the greatest common factor of 76 and x.
76
Suppose -5*u + 22 = -f, 13*f + 7 = 12*f + 2*u. Suppose 0 = f*a - 2*q - 671, -454 = -2*a - 5*q + 3*q. What is the greatest common divisor of 600 and a?
75
Suppose 0 = 3*f - 4*q - 2118 - 474, -4*f = -2*q - 3466. Calculate the highest common factor of f and 124.
124
Let r(v) = 39*v - 138. Let q be r(19). Suppose 17*j - q = 128. What is the greatest common divisor of j and 344?
43
Let d = 4205 + 1134. Wha